1).
-7
Let w(h) = -h**3 + 27*h**2 + 87*h - 796. What is w(29)?
45
Let x(b) = -3*b**2 - 1279*b + 3436. Calculate x(-429).
4
Let t(y) = -2*y**3 - 14*y**2 - 41*y - 197. Calculate t(-6).
-23
Let y(w) = -w**2 + 25*w + 84. Calculate y(28).
0
Let a(s) = -2*s**3 + 33*s**2 - 44*s + 18. What is a(15)?
33
Let p(j) = -j**2 - 64*j + 168. What is p(3)?
-33
Let p(n) = 64*n + 2094. Give p(-33).
-18
Let j(h) = -2*h**3 - 50*h**2 + 699*h - 38. Calculate j(-35).
-3
Let i(b) = -83*b**2 - 3*b - 5. Give i(-1).
-85
Let f(s) = 387*s + 13932. Determine f(-36).
0
Let g(i) = 738*i + 26569. Calculate g(-36).
1
Let f(d) = 5*d**3 - 19*d**2 + 32*d - 68. What is f(3)?
-8
Let p(y) = -19*y**2 + 148*y + 27. What is p(8)?
-5
Let b(v) = 2*v**3 - 10*v**2 + 713*v - 3567. Give b(5).
-2
Let a(i) = 2*i**2 - 94*i - 104. What is a(48)?
-8
Let w(v) = -v**3 + 51*v**2 - 55*v. Calculate w(50).
-250
Let g(r) = 51*r + 1234. Calculate g(-25).
-41
Let g(k) = k**2 - 9*k - 193. Calculate g(20).
27
Let g(s) = -1236*s + 1285. What is g(1)?
49
Let k(q) = q + 94. Determine k(-13).
81
Let s(m) = m**2 + 28*m + 271. Give s(-11).
84
Let m(l) = 796*l - 5560. Determine m(7).
12
Let x(k) = -412*k - 65913. What is x(-160)?
7
Let j(p) = -91*p - 323. What is j(-4)?
41
Let n(g) = -g**3 + 2*g**2 - 43*g - 95. Determine n(0).
-95
Let c(p) = -3*p - 37. Calculate c(7).
-58
Let l(c) = -c**3 - 165*c**2 - 153*c + 1811. Give l(-164).
7
Let j(z) = 20*z - 295. Calculate j(17).
45
Let n(t) = 18*t + 231. Calculate n(-27).
-255
Let i(z) = -13*z - 616. Determine i(-48).
8
Let z(p) = p**3 + 5*p**2 - 84*p - 2. Determine z(7).
-2
Let x(v) = -90*v + 454. Give x(10).
-446
Let c(s) = -2*s**2 - 129*s + 317. Determine c(-65).
252
Let c(p) = p**3 + 2*p**2 - p + 24. What is c(-4)?
-4
Let g(t) = 277*t - 1702. Calculate g(6).
-40
Let r(s) = -s**3 - 67*s**2 - 702*s - 10. Determine r(-13).
-10
Let g(w) = -32*w - 1253. Calculate g(-39).
-5
Let p(j) = 112*j - 1101. Determine p(5).
-541
Let k(r) = 3*r**2 + 468*r - 10551. Give k(-176).
9
Let m(a) = -a**3 - 20*a - 91. What is m(-3)?
-4
Let d(y) = -y**2 - 3*y + 410. Give d(19).
-8
Let g(j) = -j**3 + 56*j**2 - 423*j + 13. What is g(47)?
13
Let h(w) = 4*w**2 - 48*w + 172. Calculate h(5).
32
Let h(o) = o**3 + 5*o**2 - 304*o - 1783. Calculate h(-6).
5
Let l(w) = 3*w**3 - 12*w**2 - 4*w - 63. Calculate l(5).
-8
Let a(w) = 9*w**3 + 7*w**2 - w - 7. Determine a(2).
91
Let z(y) = -y**3 + 5*y**2 + 6*y + 9. Give z(0).
9
Let o(r) = -213*r**2 - 1921*r - 31. Give o(-9).
5
Let i(k) = -k**3 - 16*k**2 - 31*k + 29. Calculate i(-15).
269
Let y(b) = -b**3 + 22*b**2 - 43*b + 48. Calculate y(20).
-12
Let k(w) = -4*w**3 - 23*w**2 - 30*w - 210. Determine k(-6).
6
Let w(b) = 4*b**3 - 18*b**2 + 25*b - 11. Determine w(2).
-1
Let s(i) = 19*i**3 + 3*i**2 + 6*i + 4. Determine s(-1).
-18
Let i(r) = -232*r + 698. Determine i(7).
-926
Let d(b) = -2*b**3 + 3*b**2 + 11*b - 12. Calculate d(5).
-132
Let w(v) = -146*v - 5702. Give w(-39).
-8
Let j(o) = 19*o**3 - 3*o**2 + 62*o - 119. Determine j(2).
145
Let p(l) = -30*l - 111. Determine p(-5).
39
Let h(n) = n**2 - 20*n - 214. What is h(31)?
127
Let t(r) = -r**2 + 158*r - 5759. Determine t(57).
-2
Let h(g) = -15*g - 49. What is h(7)?
-154
Let j(w) = -w**3 - 27*w**2 + 23*w + 13. Give j(-28).
153
Let u(x) = x**2 + 6*x + 13. Calculate u(12).
229
Let h(q) = -73*q - 57. Determine h(-1).
16
Let m(j) = -2*j**2 + 379*j - 3056. Give m(181).
21
Let r(w) = -5*w**3 + 47*w**2 + 86*w + 20. What is r(11)?
-2
Let o(b) = -54*b + 927. What is o(16)?
63
Let a(n) = -4*n**2 + 88*n - 98. Determine a(20).
62
Let p(m) = 10*m**2 + 169*m + 503. Calculate p(-13).
-4
Let v(x) = 31*x**2 + 61*x - 63. Give v(1).
29
Let u(o) = o**3 - 58*o**2 - 62*o + 203. Give u(59).
26
Let b(l) = 2*l**3 - 61*l**2 + 32*l - 22. Determine b(30).
38
Let x(v) = -24*v**2 + 10*v + 15. What is x(-2)?
-101
Let p(g) = 30*g + 1011. Give p(-33).
21
Let y(f) = f**2 - 55*f - 2202. Give y(-27).
12
Let c(g) = -6*g**2 - 231*g - 341. Determine c(-37).
-8
Let l(i) = -29*i**2 - 3393*i - 29. Give l(-117).
-29
Let u(h) = 87*h - 949. Calculate u(11).
8
Let t(r) = -2*r**3 + 126*r**2 - 123*r - 122. Give t(62).
-60
Let m(l) = -2*l**3 - 2*l**2 - l - 67. Calculate m(0).
-67
Let c(l) = -7*l**2 + 3*l + 49. Give c(-4).
-75
Let t(m) = 3*m**2 - 16*m - 22. What is t(6)?
-10
Let c(x) = 7*x**2 - 27*x + 29. What is c(7)?
183
Let s(k) = 2*k**2 + k - 586. Calculate s(21).
317
Let u(q) = 9*q + 59. Give u(-6).
5
Let v(i) = i**3 - 14*i**2 - 72*i - 7. Calculate v(18).
-7
Let n(v) = -v + 57. Determine n(-8).
65
Let j(f) = 13*f - 367. Calculate j(30).
23
Let a(d) = -16*d**2 - 290*d - 25. Give a(-18).
11
Let j(p) = p**2 - 43*p + 456. Calculate j(19).
0
Let k(w) = -237*w - 3090. What is k(-13)?
-9
Let d(b) = -9*b**2 + 11*b + 97. Give d(4).
-3
Let k(y) = -2*y**3 + 30*y**2 - 99*y - 7. Calculate k(10).
3
Let o(y) = y**2 + 76*y + 297. Calculate o(-72).
9
Let r(m) = -223*m - 3520. Determine r(-16).
48
Let s(m) = -1431*m + 11452. What is s(8)?
4
Let q(m) = m**3 - 20*m**2 + 86*m + 19. Give q(8).
-61
Let k(d) = 130*d + 2071. Calculate k(-16).
-9
Let p(v) = 61*v - 715. Determine p(17).
322
Let h(o) = o**3 + 162*o**2 - 485*o + 1643. Give h(-165).
-7
Let h(r) = 42*r**3 + 10*r**2 - 8*r. Determine h(1).
44
Let s(u) = -4*u - 173. Give s(-11).
-129
Let q(z) = 2*z**3 + 14*z**2 - 20*z - 98. Give q(-7).
42
Let h(l) = 3*l**3 + 21*l**2 - 63*l - 492. What is h(-6)?
-6
Let k(f) = 115*f - 9082. Give k(78).
-112
Let u(k) = -110*k**2 + 60*k + 60. What is u(-1)?
-110
Let i(w) = -w**2 - 31*w - 23. Calculate i(-20).
197
Let f(d) = d**3 + 178*d**2 - 1679*d + 757. Calculate f(-187).
9
Let t(k) = 43*k + 52. What is t(-1)?
9
Let x(d) = 3*d**2 - 118*d + 152. Determine x(38).
0
Let h(z) = 25*z - 1074. Calculate h(44).
26
Let h(o) = 105*o + 3772. Calculate h(-36).
-8
Let i(r) = -r**2 - 41*r - 360. Determine i(-26).
30
Let z(k) = 30*k - 1035. Calculate z(39).
135
Let f(g) = 2*g**2 - 56*g - 335. Give f(33).
-5
Let c(v) = 4*v**2 + 67*v + 42. What is c(-16)?
-6
Let c(o) = -88*o - 7456. Give c(-84).
-64
Let o(a) = 7*a + 46. Calculate o(2).
60
Let j(c) = 4*c**2 + 13*c - 19. Give j(-4).
-7
Let q(x) = x**3 - 7*x**2 + 23*x - 181. Determine q(7).
-20
Let y(s) = -3*s**2 - 163*s + 1659. Give y(9).
-51
Let y(n) = 24*n + 187. Give y(-7).
19
Let q(t) = 65*t**2 - 845*t - 9. Give q(13).
-9
Let r(m) = -m**2 + 62*m - 567. What is r(51)?
-6
Let f(r) = -2*r**2 - 111*r - 203. What is f(-53)?
62
Let c(n) = -n**2 + 14*n + 66. Determine c(13).
79
Let u(o) = -3*o**2 - 35*o + 36. Give u(1).
-2
Let u(c) = -2*c**2 - 442*c - 12400. Determine u(-188).
8
Let f(b) = 157*b - 940. Calculate f(6).
2
Let q(d) = -d**2 - 3*d - 27. What is q(11)?
-181
Let z(i) = 463*i + 29220. Calculate z(-63).
51
Let c(y) = -y**3 + 15*y**2 + 409*y + 24. Calculate c(-14).
-18
Let b(o) = 156*o**2 + 3. What is b(2)?
627
Let x(k) = k**3 - 30*k**2 + 28*k + 782. Determine x(28).
-2
Let w(n) = n**2 + 21*n + 28. Give w(-17).
-40
Let p(q) = 2*q**2 + 103*q + 559. Determine p(-41).
-302
Let v(c) = -c**3 - 17*c**2 + 154*c + 96. Determine v(7).
-2
Let p(b) = 15*b - 212. Give p(8).
-92
Let m(o) = 171*o - 1067. What is m(6)?
-41
Let w(u) = u**2 - 13*u - 1143. What is w(-27)?
-63
Let y(z) = z**2 - 30*z + 15. Determine y(30).
15
Let l(i) = 172*i - 165. Give l(1).
7
Let a(h) = -4*h**2 + 3*h - 3. Give a(-4).
-79
Let h(m) = m**3 - 12*m**2 - 9*m + 35. Determine h(13).
87
Let j(k) = k**3 + 15*k**2 - 174*k + 36. Determine j(-23).
-194
Let b(t) = t**3 - t**2 - 116*t + 74. Calculate b(11).
8
Let m(u) = 4*u**2 + 13*u + 151. Determine m(-6).
217
Let r(u) = 8*u**2 - 3*u + 12. Give r(-5).
227
Let h(a) = 26*a**2 - 77*a + 9. What is h(3)?
12
Let c(f) = -f**3 - 34*f**2 + 48*f + 453. Give c(-35).
-2
Let s(y) = -1086*y - 24969. Determine s(-23).
9
Let g(y) = 183*y + 1290. Calculate g(-7).
9
Let x(s) = -s**2 + 7*s + 26. Determine x(4).
38
Let o(a) = 6*a - 3. Calculate o(-1).
-9
Let p(u) = -93*u + 1406. Calculate p(15).
11
Let a(c) = 73*c - 1334. What is a(18)?
-20
Let t(f) = 2*f**3 + 13*f**2 - 2*f + 32. What is t(-7)?
-3
Let g(j) = -119*j - 1916. Give g(-13).
-369
Let f(o) = 5*o**2 + 219*o + 2215. Calculate f(-28).
3
Let d(r) = -8*r - 580. Calculate d(-39).
-268
Let g(v) = -277*v + 4422. Give g(16).
-10
Let m(u) = 975*u - 85794. Calculate m(88).
6
Let m(u) = 54*u - 639. What is m(11)?
-45
Let r(v) 